late the remainder when 159032 is divided by 36.
20
Calculate the remainder when 673061 is divided by 350.
11
What is the remainder when 146692726 is divided by 801?
790
What is the remainder when 1006166 is divided by 11976?
182
What is the remainder when 25282 is divided by 12029?
1224
What is the remainder when 4179175 is divided by 17?
14
Calculate the remainder when 195539 is divided by 195495.
44
Calculate the remainder when 14506728 is divided by 37.
27
What is the remainder when 1818692 is divided by 454660?
52
Calculate the remainder when 1412469 is divided by 953.
123
What is the remainder when 1079146 is divided by 154160?
26
Calculate the remainder when 11230 is divided by 688.
222
What is the remainder when 7646817 is divided by 17?
13
Calculate the remainder when 566224650 is divided by 80889235.
5
What is the remainder when 284019 is divided by 1821?
1764
What is the remainder when 62148 is divided by 2942?
366
What is the remainder when 317566 is divided by 3827?
3752
What is the remainder when 1172905329 is divided by 276?
273
Calculate the remainder when 2083958 is divided by 500.
458
What is the remainder when 65780874 is divided by 128?
10
Calculate the remainder when 153778 is divided by 76439.
900
What is the remainder when 32517784 is divided by 471272?
16
Calculate the remainder when 40330525 is divided by 3808.
3805
What is the remainder when 91966 is divided by 22858?
534
Calculate the remainder when 243012 is divided by 16061.
2097
What is the remainder when 3794515 is divided by 2382?
2371
Calculate the remainder when 1022001 is divided by 118.
3
What is the remainder when 111300 is divided by 53576?
4148
Calculate the remainder when 1675544 is divided by 40.
24
Calculate the remainder when 2338912 is divided by 74.
68
Calculate the remainder when 2292000 is divided by 14787.
15
What is the remainder when 221424 is divided by 18057?
4740
Calculate the remainder when 2226425 is divided by 31805.
75
Calculate the remainder when 67305 is divided by 164.
65
What is the remainder when 6944664 is divided by 11183?
21
What is the remainder when 10155326 is divided by 406213?
1
Calculate the remainder when 112512 is divided by 112340.
172
What is the remainder when 560315 is divided by 46316?
4523
Calculate the remainder when 1395842 is divided by 280.
42
Calculate the remainder when 16815188 is divided by 82.
22
What is the remainder when 14026335 is divided by 18?
15
What is the remainder when 98594117 is divided by 1374?
1373
Calculate the remainder when 2361452 is divided by 350.
2
Calculate the remainder when 6161167 is divided by 70.
47
Calculate the remainder when 2337928 is divided by 779307.
7
Calculate the remainder when 3776495 is divided by 13987.
5
Calculate the remainder when 688195 is divided by 13231.
183
Calculate the remainder when 4888 is divided by 4478.
410
What is the remainder when 634421 is divided by 6821?
68
What is the remainder when 4318598 is divided by 2763?
29
What is the remainder when 181786 is divided by 951?
145
What is the remainder when 2144066 is divided by 714616?
218
Calculate the remainder when 9849355 is divided by 4109.
82
What is the remainder when 57999 is divided by 1442?
319
Calculate the remainder when 14838 is divided by 599.
462
What is the remainder when 613397 is divided by 204403?
188
What is the remainder when 6453953 is divided by 1613483?
21
Calculate the remainder when 1448060 is divided by 9.
5
What is the remainder when 2673553 is divided by 8?
1
Calculate the remainder when 2522264 is divided by 840737.
53
What is the remainder when 184238866 is divided by 19455?
16
Calculate the remainder when 1325447 is divided by 189345.
32
Calculate the remainder when 578363 is divided by 5306.
9
Calculate the remainder when 330417 is divided by 47195.
52
What is the remainder when 177356 is divided by 88592?
172
What is the remainder when 9237320 is divided by 10?
0
What is the remainder when 2298567 is divided by 107?
100
What is the remainder when 38363 is divided by 6386?
47
Calculate the remainder when 55473785 is divided by 9.
8
Calculate the remainder when 3943732 is divided by 2490.
2062
What is the remainder when 13068809 is divided by 2296?
2273
What is the remainder when 1003571 is divided by 61?
60
What is the remainder when 5002492 is divided by 35?
12
What is the remainder when 1359674 is divided by 1236?
74
What is the remainder when 7017348 is divided by 4364?
36
What is the remainder when 68935 is divided by 2852?
487
What is the remainder when 17486 is divided by 655?
456
Calculate the remainder when 121828 is divided by 6388.
456
Calculate the remainder when 7016041 is divided by 196.
25
Calculate the remainder when 31024 is divided by 10108.
700
What is the remainder when 443435 is divided by 1945?
1920
Calculate the remainder when 925513 is divided by 115581.
865
What is the remainder when 1193023 is divided by 1627?
432
Calculate the remainder when 4221374 is divided by 12949.
0
Calculate the remainder when 108650 is divided by 405.
110
What is the remainder when 4413960 is divided by 294264?
0
What is the remainder when 105254 is divided by 3894?
116
What is the remainder when 15854992 is divided by 801?
799
Calculate the remainder when 1170319 is divided by 7802.
19
Calculate the remainder when 366332 is divided by 45663.
1028
What is the remainder when 1348959 is divided by 401?
396
What is the remainder when 950624 is divided by 212?
16
What is the remainder when 53333 is divided by 52497?
836
Calculate the remainder when 2105404 is divided by 752.
556
Calculate the remainder when 19574 is divided by 4914.
4832
Calculate the remainder when 22601975 is divided by 146.
7
Calculate the remainder when 191944 is divided by 2494.
2400
What is the remainder when 11241 is divided by 2002?
1231
What is the remainder when 2624175 is divided by 1399?
1050
What is the remainder when 100377 is divided by 303?
84
What is the remainder when 775197 is divided by 387527?
143
What is the remainder when 2327936 is divided by 566?
544
Calculate the remainder when 12188530 is divided by 6094214.
102
Calculate the remainder when 11839692 is divided by 3946505.
177
Calculate the remainder when 3439250 is divided by 61415.
10
What is the remainder when 3836443 is divided by 11056?
11
What is the remainder when 487338163 is divided by 2234?
2233
Calculate the remainder when 379599 is divided by 170.
159
What is the remainder when 104621 is divided by 468?
257
Calculate the remainder when 49290512 is divided by 3026.
3024
Calculate the remainder when 7244343 is divided by 8.
7
What is the remainder when 7187156 is divided by 137?
136
Calculate the remainder when 2505260 is divided by 458.
0
Calculate the remainder when 1140380 is divided by 71273.
12
Calculate the remainder when 454963687 is divided by 10907.
10903
Calculate the remainder when 3432197 is divided by 569.
558
What is the remainder when 570546 is divided by 6125?
921
Calculate the remainder when 10399578 is divided by 9.
6
Calculate the remainder when 386084 is divided by 96322.
796
Calculate the remainder when 390615 is divided by 3150.
15
Calculate the remainder when 86599 is divided by 28841.
76
Calculate the remainder when 205786329 is divided by 92.
85
What is the remainder when 6584264 is divided by 916?
56
What is the remainder when 1780206 is divided by 73?
28
Calculate the remainder when 118429 is divided by 759.
25
Calculate the remainder when 1124448 is divided by 1584.
1392
What is the remainder when 643808 is divided by 80462?
112
What is the remainder when 1026569 is divided by 5403?
5402
What is the remainder when 2155482 is divided by 791?
7
Calculate the remainder when 226879909 is divided by 903904.
5
Calculate the remainder when 704587 is divided by 234857.
16
What is the remainder when 39270 is divided by 2279?
527
Calculate the remainder when 604161 is divided by 75151.
2953
Calculate the remainder when 904444 is divided by 7681.
5767
Calculate the remainder when 10831185 is divided by 687.
630
Calculate the remainder when 345245 is divided by 200.
45
What is the remainder when 8293349 is divided by 230370?
29
Calculate the remainder when 12921720 is divided by 8603.
14
What is the remain